{"id":413,"date":"2023-08-30T03:05:05","date_gmt":"2023-08-30T03:05:05","guid":{"rendered":"https:\/\/dev.d85estudio.com\/lureye\/?post_type=product&#038;p=413"},"modified":"2023-09-07T13:36:24","modified_gmt":"2023-09-07T13:36:24","slug":"tta-baja-tension-autosoportado","status":"publish","type":"product","link":"https:\/\/lureye.cl\/generadores-nuevos\/producto\/tta-baja-tension-autosoportado\/","title":{"rendered":"TTA  baja tensi\u00f3n Autosoportado"},"content":{"rendered":"<p>Lureye dispone de transferencias autom\u00e1ticas en base a Interruptores de baja tensi\u00f3n hasta 6.300 A. Marcas como ABB, Schneider y Siemens. En cuanto a los gabinetes estos pueden ser usados en interior y exteriores, marcas como Rittal y ABB. Los Niveles de control disponibles 24 Vdc, 120 Vac, 220 Vac. Las transferencias pueden incluir un panel de control para la supervisi\u00f3n y operaci\u00f3n.<\/p>\n","protected":false},"excerpt":{"rendered":"<p>Transferencias autom\u00e1ticas en base a Interruptores de baja tensi\u00f3n Lureye<\/p>\n","protected":false},"featured_media":435,"comment_status":"open","ping_status":"closed","template":"","meta":[],"product_cat":[20],"product_tag":[],"class_list":["post-413","product","type-product","status-publish","has-post-thumbnail","hentry","product_cat-tableros-tta"],"acf":[],"yoast_head":"<!-- This site is optimized with the Yoast SEO plugin v21.4 - https:\/\/yoast.com\/wordpress\/plugins\/seo\/ -->\n<title>TTA baja tensi\u00f3n Autosoportado - Lureye<\/title>\n<meta name=\"robots\" content=\"index, follow, max-snippet:-1, max-image-preview:large, max-video-preview:-1\" \/>\n<link rel=\"canonical\" href=\"https:\/\/lureye.cl\/generadores-nuevos\/producto\/tta-baja-tension-autosoportado\/\" \/>\n<meta property=\"og:locale\" content=\"es_ES\" \/>\n<meta property=\"og:type\" content=\"article\" \/>\n<meta property=\"og:title\" content=\"TTA baja tensi\u00f3n Autosoportado - Lureye\" \/>\n<meta property=\"og:description\" content=\"Transferencias autom\u00e1ticas en base a Interruptores de baja tensi\u00f3n Lureye\" \/>\n<meta property=\"og:url\" content=\"https:\/\/lureye.cl\/generadores-nuevos\/producto\/tta-baja-tension-autosoportado\/\" \/>\n<meta property=\"og:site_name\" content=\"Lureye\" \/>\n<meta property=\"article:modified_time\" content=\"2023-09-07T13:36:24+00:00\" \/>\n<meta property=\"og:image\" content=\"https:\/\/lureye.cl\/generadores-nuevos\/wp-content\/uploads\/2023\/08\/TTAAUT01_2-scaled-1-1.jpg\" \/>\n\t<meta property=\"og:image:width\" content=\"1080\" \/>\n\t<meta property=\"og:image:height\" content=\"1080\" \/>\n\t<meta property=\"og:image:type\" content=\"image\/jpeg\" \/>\n<meta name=\"twitter:card\" content=\"summary_large_image\" \/>\n<script type=\"application\/ld+json\" class=\"yoast-schema-graph\">{\"@context\":\"https:\/\/schema.org\",\"@graph\":[{\"@type\":\"WebPage\",\"@id\":\"https:\/\/lureye.cl\/generadores-nuevos\/producto\/tta-baja-tension-autosoportado\/\",\"url\":\"https:\/\/lureye.cl\/generadores-nuevos\/producto\/tta-baja-tension-autosoportado\/\",\"name\":\"TTA baja tensi\u00f3n Autosoportado - Lureye\",\"isPartOf\":{\"@id\":\"https:\/\/lureye.cl\/generadores-nuevos\/#website\"},\"datePublished\":\"2023-08-30T03:05:05+00:00\",\"dateModified\":\"2023-09-07T13:36:24+00:00\",\"breadcrumb\":{\"@id\":\"https:\/\/lureye.cl\/generadores-nuevos\/producto\/tta-baja-tension-autosoportado\/#breadcrumb\"},\"inLanguage\":\"es\",\"potentialAction\":[{\"@type\":\"ReadAction\",\"target\":[\"https:\/\/lureye.cl\/generadores-nuevos\/producto\/tta-baja-tension-autosoportado\/\"]}]},{\"@type\":\"BreadcrumbList\",\"@id\":\"https:\/\/lureye.cl\/generadores-nuevos\/producto\/tta-baja-tension-autosoportado\/#breadcrumb\",\"itemListElement\":[{\"@type\":\"ListItem\",\"position\":1,\"name\":\"Portada\",\"item\":\"https:\/\/lureye.cl\/generadores-nuevos\/\"},{\"@type\":\"ListItem\",\"position\":2,\"name\":\"TTA baja tensi\u00f3n Autosoportado\"}]},{\"@type\":\"WebSite\",\"@id\":\"https:\/\/lureye.cl\/generadores-nuevos\/#website\",\"url\":\"https:\/\/lureye.cl\/generadores-nuevos\/\",\"name\":\"Lureye\",\"description\":\"\",\"potentialAction\":[{\"@type\":\"SearchAction\",\"target\":{\"@type\":\"EntryPoint\",\"urlTemplate\":\"https:\/\/lureye.cl\/generadores-nuevos\/?s={search_term_string}\"},\"query-input\":\"required name=search_term_string\"}],\"inLanguage\":\"es\"}]}<\/script>\n<!-- \/ Yoast SEO plugin. -->","yoast_head_json":{"title":"TTA baja tensi\u00f3n Autosoportado - Lureye","robots":{"index":"index","follow":"follow","max-snippet":"max-snippet:-1","max-image-preview":"max-image-preview:large","max-video-preview":"max-video-preview:-1"},"canonical":"https:\/\/lureye.cl\/generadores-nuevos\/producto\/tta-baja-tension-autosoportado\/","og_locale":"es_ES","og_type":"article","og_title":"TTA baja tensi\u00f3n Autosoportado - Lureye","og_description":"Transferencias autom\u00e1ticas en base a Interruptores de baja tensi\u00f3n Lureye","og_url":"https:\/\/lureye.cl\/generadores-nuevos\/producto\/tta-baja-tension-autosoportado\/","og_site_name":"Lureye","article_modified_time":"2023-09-07T13:36:24+00:00","og_image":[{"width":1080,"height":1080,"url":"https:\/\/lureye.cl\/generadores-nuevos\/wp-content\/uploads\/2023\/08\/TTAAUT01_2-scaled-1-1.jpg","type":"image\/jpeg"}],"twitter_card":"summary_large_image","schema":{"@context":"https:\/\/schema.org","@graph":[{"@type":"WebPage","@id":"https:\/\/lureye.cl\/generadores-nuevos\/producto\/tta-baja-tension-autosoportado\/","url":"https:\/\/lureye.cl\/generadores-nuevos\/producto\/tta-baja-tension-autosoportado\/","name":"TTA baja tensi\u00f3n Autosoportado - Lureye","isPartOf":{"@id":"https:\/\/lureye.cl\/generadores-nuevos\/#website"},"datePublished":"2023-08-30T03:05:05+00:00","dateModified":"2023-09-07T13:36:24+00:00","breadcrumb":{"@id":"https:\/\/lureye.cl\/generadores-nuevos\/producto\/tta-baja-tension-autosoportado\/#breadcrumb"},"inLanguage":"es","potentialAction":[{"@type":"ReadAction","target":["https:\/\/lureye.cl\/generadores-nuevos\/producto\/tta-baja-tension-autosoportado\/"]}]},{"@type":"BreadcrumbList","@id":"https:\/\/lureye.cl\/generadores-nuevos\/producto\/tta-baja-tension-autosoportado\/#breadcrumb","itemListElement":[{"@type":"ListItem","position":1,"name":"Portada","item":"https:\/\/lureye.cl\/generadores-nuevos\/"},{"@type":"ListItem","position":2,"name":"TTA baja tensi\u00f3n Autosoportado"}]},{"@type":"WebSite","@id":"https:\/\/lureye.cl\/generadores-nuevos\/#website","url":"https:\/\/lureye.cl\/generadores-nuevos\/","name":"Lureye","description":"","potentialAction":[{"@type":"SearchAction","target":{"@type":"EntryPoint","urlTemplate":"https:\/\/lureye.cl\/generadores-nuevos\/?s={search_term_string}"},"query-input":"required name=search_term_string"}],"inLanguage":"es"}]}},"_links":{"self":[{"href":"https:\/\/lureye.cl\/generadores-nuevos\/wp-json\/wp\/v2\/product\/413","targetHints":{"allow":["GET"]}}],"collection":[{"href":"https:\/\/lureye.cl\/generadores-nuevos\/wp-json\/wp\/v2\/product"}],"about":[{"href":"https:\/\/lureye.cl\/generadores-nuevos\/wp-json\/wp\/v2\/types\/product"}],"replies":[{"embeddable":true,"href":"https:\/\/lureye.cl\/generadores-nuevos\/wp-json\/wp\/v2\/comments?post=413"}],"wp:featuredmedia":[{"embeddable":true,"href":"https:\/\/lureye.cl\/generadores-nuevos\/wp-json\/wp\/v2\/media\/435"}],"wp:attachment":[{"href":"https:\/\/lureye.cl\/generadores-nuevos\/wp-json\/wp\/v2\/media?parent=413"}],"wp:term":[{"taxonomy":"product_cat","embeddable":true,"href":"https:\/\/lureye.cl\/generadores-nuevos\/wp-json\/wp\/v2\/product_cat?post=413"},{"taxonomy":"product_tag","embeddable":true,"href":"https:\/\/lureye.cl\/generadores-nuevos\/wp-json\/wp\/v2\/product_tag?post=413"}],"curies":[{"name":"wp","href":"https:\/\/api.w.org\/{rel}","templated":true}]}}